{"id":78,"date":"2025-08-14T16:36:36","date_gmt":"2025-08-14T16:36:36","guid":{"rendered":"https:\/\/isadons.nisaru.com\/isadons\/home\/"},"modified":"2025-08-14T17:51:20","modified_gmt":"2025-08-14T17:51:20","slug":"home","status":"publish","type":"page","link":"https:\/\/isadons.nisaru.com\/isadons\/","title":{"rendered":"Home"},"content":{"rendered":"\n\n\n\n<h3>DEVELOPPEMENT DE CARRI\u00c8RE<\/h3>\n\n\n<p data-start=\"712\" data-end=\"858\">DONNEZ VIE \u00c0 VOTRE AMBITION<\/p>\n<p><br><\/p><p>Que vous soyez en reconversion, en qu\u00eate de promotion ou d\u2019un nouveau challenge, nous vous aidons \u00e0 :<\/p>\n<p>Identifier vos forces gr\u00e2ce \u00e0 un bilan de comp\u00e9tences complet.&nbsp;<\/p><p>Cr\u00e9er un plan de carri\u00e8re clair avec des \u00e9tapes r\u00e9alistes<\/p><p>Optimiser votre CV et profil LinkedIn pour attirer les bonnes opportunit\u00e9s. <\/p>\n<p>Renforcer vos soft skills et votre leadership pour inspirer et diriger.&nbsp;<\/p>\n\n\n\n<p>Lorem Ipsum has been the industry&rsquo;s standard dummy text ever since the 1500s.<\/p>\n\n\n\n\n\n\n<h3>COACHING &amp; MENTORING<\/h3>\n\n<p>Avec isadon Services,&nbsp; Avancez avec un guide.&nbsp;<br><\/p><p><br><\/p><p>Ne restez pas seul face \u00e0 vos objectifs. Nos programmes personnalis\u00e9s vous offrent :<\/p><p>Coaching individuel : surmontez vos blocages et passez \u00e0 l\u2019action<\/p><p>Mentorat entrepreneurial : b\u00e9n\u00e9ficiez de l\u2019exp\u00e9rience de leaders du terrain<\/p><p>Accompagnement des dirigeants : am\u00e9liorez votre vision et vos d\u00e9cisions strat\u00e9giques<\/p><p>Suivi de progression : ajustez vos actions pour des r\u00e9sultats durables<\/p><br>\n\n\n\n\n\n\n\n\n\n<h3>SOUTIEN FAMILIAL      <\/h3>\n\n<p [object=\"\" namednodemap]=\"\">Conseils familiaux efficaces \u2013 L\u2019harmonie comme moteur de r\u00e9ussite\nNous croyons qu\u2019un foyer \u00e9panoui favorise un esprit productif.\nNos interventions couvrent.<\/p>\n\n\n\n<p style=\"text-align: justify;\">Renforcer les liens affectifs : des \u00e9changes sinc\u00e8res et bienveillants nourrissent le sentiment d\u2019appartenance.<\/p><p style=\"text-align: justify;\">Transmettre des valeurs : la communication est aussi un outil d\u2019\u00e9ducation et de transmission culturelle.<\/p>\n\n\n<p style=\"padding: 0px; margin: 0px; overflow-wrap: break-word; text-align: justify;\">Pr\u00e9venir les conflits : une bonne \u00e9coute permet de d\u00e9samorcer les tensions avant qu\u2019elles n\u2019explosent.<\/p><p style=\"padding: 0px; margin: 0px; overflow-wrap: break-word; text-align: justify;\">Favoriser l\u2019\u00e9panouissement personnel chacun se sent reconnu et compris.<\/p><p>.<\/p>\n\n\n<p>Nous vous donnerons des strat\u00e9gies efficaces pour mieux accompagner vos enfants dans leur \u00e9ducation et leur d\u00e9veloppement et dans leur r\u00e9ussite <\/p>\n\n\n\n\n\n\n<h3>pourquoi isadon&nbsp;<\/h3>\n\n<p>Nous offrons une approche humaine et personnalis\u00e9e, enrichie par une exp\u00e9rience diversifi\u00e9e dans plusieurs domaines professionnels et sociaux, en utilisant des outils modernes et des m\u00e9thodes \u00e9prouv\u00e9es pour garantir des r\u00e9sultats concrets et mesurables.<\/p>\n\n\n<h3>notre objectif<\/h3>\n\n<p>Accompagner les individus et les familles vers leur plein potentiel en offrant : Des strat\u00e9gies de d\u00e9veloppement de carri\u00e8re pour \u00e9voluer professionnellement\u00e9. Un coaching et un mentorat personnalis\u00e9s pour surmonter les obstacles et acc\u00e9l\u00e9rer la r\u00e9ussite. Des conseils familiaux efficaces pour cr\u00e9er un \u00e9quilibre durable entre vie professionnelle et personnelle<\/p>\n\n\n<h3>mission<\/h3>\n\n<p> Transformer les ambitions en r\u00e9alisations concr\u00e8tes, tout en favorisant l\u2019harmonie et l\u2019\u00e9panouissement dans tous les aspects de la vie.<\/p>\n\n\n<h3>coatching<\/h3>\n\n<p>Coaching familial, conseils parentaux, \u00e9quilibre familial, communication en couple, harmonie familiale.<\/p>\n\n\n<h3>carri\u00e8res&nbsp;<\/h3>\n\n<p>Nous proposons un bilan de comp\u00e9tences enti\u00e8rement personnalis\u00e9, suivi d\u2019un plan de carri\u00e8re strat\u00e9gique, d\u2019une optimisation compl\u00e8te de votre CV et de votre profil LinkedIn, ainsi que d\u2019une formation cibl\u00e9e en leadership et en soft skills pour maximiser votre potentiel professionnel<\/p>\n\n\n\n\n\n\n\n\n\n\n\n<h3>ce que les clients disent<\/h3>\n\n\n\n\n\n\n<p style=\"font-size: large;\">Travailler avec isadon Services a \u00e9t\u00e9 une exp\u00e9rience fantastique. Ils ont parfaitement compris ma vision et ont transform\u00e9 mon appartement en un havre de paix \u00e9l\u00e9gant et personnel. Chaque d\u00e9tail a \u00e9t\u00e9 soigneusement pens\u00e9 et le r\u00e9sultat a d\u00e9pass\u00e9 mes attentes.<\/p>\n\n<p [object NamedNodeMap]><span>We brought in isadon Services to revamp our office space, and the results were extraordinary. Their team skillfully melded functionality with aesthetics, enhancing both productivity and employee morale. Professional, creative, and reliable \u2014 I recommend them wholeheartedly!<\/span><\/p>\n\n\n<p [object NamedNodeMap]><span>From our first meeting onward, isadon Services ensured a smooth and enjoyable process. Our caf\u00e9 now boasts an inviting atmosphere that our customers adore. A true game-changer for our brand!<\/span><\/p>\n\n\n\n\n\n\n\n\n","protected":false},"excerpt":{"rendered":"","protected":false},"author":1,"featured_media":0,"parent":0,"menu_order":0,"comment_status":"closed","ping_status":"closed","template":"","meta":{"pagelayer_contact_templates":[],"_pagelayer_content":"","footnotes":""},"class_list":["post-78","page","type-page","status-publish","hentry"],"_links":{"self":[{"href":"https:\/\/isadons.nisaru.com\/isadons\/wp-json\/wp\/v2\/pages\/78","targetHints":{"allow":["GET"]}}],"collection":[{"href":"https:\/\/isadons.nisaru.com\/isadons\/wp-json\/wp\/v2\/pages"}],"about":[{"href":"https:\/\/isadons.nisaru.com\/isadons\/wp-json\/wp\/v2\/types\/page"}],"author":[{"embeddable":true,"href":"https:\/\/isadons.nisaru.com\/isadons\/wp-json\/wp\/v2\/users\/1"}],"replies":[{"embeddable":true,"href":"https:\/\/isadons.nisaru.com\/isadons\/wp-json\/wp\/v2\/comments?post=78"}],"version-history":[{"count":9,"href":"https:\/\/isadons.nisaru.com\/isadons\/wp-json\/wp\/v2\/pages\/78\/revisions"}],"predecessor-version":[{"id":115,"href":"https:\/\/isadons.nisaru.com\/isadons\/wp-json\/wp\/v2\/pages\/78\/revisions\/115"}],"wp:attachment":[{"href":"https:\/\/isadons.nisaru.com\/isadons\/wp-json\/wp\/v2\/media?parent=78"}],"curies":[{"name":"wp","href":"https:\/\/api.w.org\/{rel}","templated":true}]}}